 + 6 + 1)
-13
Calculate (-15 - (-18 - -3)) + 0 + 4 + 5.
9
Calculate (0 - (-7 + 17)) + -4.
-14
-4 + -3 + -12 - (-8 - -11 - 9)
-13
What is the value of -7 + (16 - (-21 + 14 + -4))?
20
(3 - 20) + 4 - (-5 + 13)
-21
What is the value of (4 - 5) + -3 + (1 - 1) - -7?
3
What is the value of (2 - -11) + -9 + -1 + 49 + -39?
13
Calculate (286 - 275) + (-3 + -35 - (8 + -5)).
-30
Calculate -36 + (6 - ((-10 - -10) + -5)).
-25
Evaluate (50 - 59) + (-1 - 0) + 5.
-5
What is the value of 23 + (-13 - 4) - 19?
-13
Calculate 6 + 2 + -19 + 5 + -8.
-14
Evaluate 35 - (7 + -2) - 7 - 7.
16
What is -3 + (-6 - -14) + 5 + -5 + 0?
5
Calculate 1 - (1 + 3 + -4 + -3) - -24.
28
What is the value of -4 - (-11 + -9) - 31?
-15
(-12 - -19) + -10 + 3 + -4 + -1
-5
What is the value of -17 - (-52 + 53 + -25)?
7
What is the value of 0 - (-1 + 3 - -7) - 1 - -4?
-6
What is -4 + (-3 - -6 - (-9 + 2))?
6
What is the value of -3 + 5 - 4 - (-273 - -266)?
5
Calculate 8 + -4 - 2 - 27.
-25
What is 2 + -5 + 1 - (35 - 30)?
-7
Evaluate -12 - (6 + -4 + (15 - 18)).
-11
Calculate 11 - (5 + 24 + -10).
-8
(5 - 25) + 4 + -25 + 38
-3
-2 - 2 - (-14 + 12 - -6)
-8
What is the value of 5 - (1 + -2) - (350 + -354)?
10
(21 - 44 - -61) + -21
17
Evaluate -4 + (-10 - (-21 + 7)) + -1 + -1.
-2
-1 - ((4 + -1 - -7) + 14)
-25
What is the value of 6 - (10 + 14) - -20?
2
(-19 - (9 - 46)) + -32
-14
-56 + (9 - -13) - -42
8
What is -13 + 4 + 9 + (0 - -2 - 7)?
-5
Calculate 14 - (0 + (4 - (-6 + 2))).
6
What is (148 - 164) + 0 + 31?
15
What is the value of (-4 - -3) + 12 - (-143 + 185)?
-31
What is (-2 - 1) + (-11 - (-17 + 13))?
-10
Evaluate -20 + ((1 - 18) + 19 - 20).
-38
What is the value of (-13 - -30) + -31 + -17 + -2?
-33
What is the value of (16 - (-5 + -1 + -8 + 15)) + -8?
7
(-11 - -21 - 12) + 12
10
Evaluate (-88 - -57) + 28 + (-2 - -31 - 0).
26
What is the value of 0 + -8 + (-104 + 74 - -75)?
37
Evaluate -2 + 2 + -41 + 38.
-3
-1 + (2 - -5 - (9 + -9 + -5))
11
Calculate 5 + -2 - (-18 + (-27 - -77)).
-29
What is 33 - 17 - 13 - -8 - 15?
-4
Calculate -5 - ((-18 - -16) + (9 - (-3 - -2))).
-13
Calculate (-6 + 28 - (-11 + 8)) + (12 - 10).
27
3 + 1 + 0 + (407 - 409)
2
What is the value of -1 + 1 + (25 - 23) + -12 - -7?
-3
Evaluate 95 + -91 + 6 + 1.
11
What is the value of 1 + -1 + -9 - (-1 - 0)?
-8
Calculate (10 + (-6 - -1) - 14) + 3 + 18.
12
What is 10 + -5 + -3 + -10?
-8
What is -4 + 9 - (16 - -1 - (20 - 16))?
-8
What is the value of -1 - (1 - (-2 + 2)) - (-7 + -12)?
17
Calculate 19 - (-16 + 7 - -6).
22
What is the value of 15 + 2 + -6 - (16 - (28 - 12))?
11
-1 + 5 + -10 + (3 - 6)
-9
Calculate (7 - 7) + (-1 - -13) - (-120 - -118).
14
Calculate (4 - (13 + (-3 - -2))) + 7 + 22.
21
Calculate 33 - -12 - (18 - -5).
22
What is 27 - 27 - (-1 - -3) - (7 - -5)?
-14
What is the value of (8 - 1) + 0 + (-35 - -11) + -5?
-22
What is the value of 22 + -62 + 3 + (5 - (-3 - -4))?
-33
Evaluate -10 + (5 - 5) + 3 + 14.
7
Calculate -6 - (-7 - (16 + -11 + 11)).
17
(-76 - -47) + 29 + -12
-12
1 + (-4 - -7) - (18 - (-1 + 2))
-13
Evaluate (15 - 8) + (6 - (-3 + 4 - 1)).
13
What is the value of 2 + 4 + (-8 - 0) + -391 + 401?
8
What is the value of -12 + -3 + 30 - 15?
0
Evaluate (13 - 6 - -9) + (-1 - 6).
9
What is the value of -4 + 3 - (-2 + 3 - (-2 + -1))?
-5
Evaluate 11 - (-6 + 0 + 12 - 7) - 38.
-26
-16 - (-8 + -5 - 17)
14
Evaluate -9 + 4 + -3 + 1 + (4 - 3).
-6
Evaluate 10 + (-3 - (8 - (-5 - -15 - 5))).
4
What is the value of (-8 - (3 + -2)) + (-801 - -803)?
-7
Evaluate (-10 - -9 - (-4 - -3)) + (-2 - 1).
-3
What is the value of 9 + (5 - 6) + -7 + 11?
12
What is the value of -17 + 6 + (4 - (7 + 1)) + 8?
-7
What is -14 + 2 - (9 + 0 - -4 - 3)?
-22
Calculate (-1 - (1 - -8)) + (207 - 209).
-12
Evaluate (0 - (11 - 2)) + -339 + 341.
-7
Evaluate (35 - (30 - 13)) + -37.
-19
(5 - (-9 + 20)) + 7
1
-4 + (18 - 11) + 0 + (-4 - 6)
-7
What is 13 + -17 - -1 - (-8 + 2) - -4?
7
Calculate 2 - ((-2 - -1) + (32 - 44)).
15
6 + -8 + -4 + (7 - 18) + -5
-22
Evaluate 1 - (6 + (-1 - -7) + 3 - 5).
-9
What is the value of -12 + -2 + 11 + 2 + 1 - 20?
-20
What is (42 - 61) + (-1 - -4)?
-16
Calculate -7 + (-3 - (6 - 4 - 17)) - -1.
6
What is -35 + 59 - (8 + 1)?
15
Calculate 2 + 5 + 6 - 18.
-5
Evaluate 13 + 1 + -12 + -1 + -18.
-17
2 + 0 + -2 - (-2 + 36 - 46)
12
20 + (-6 - -3) + (3 - (17 - 8))
11
(-1 - 8) + (458 - 430) + (-26 - -1)
-6
What is the value of (17 - -18) + -1 + -9?
25
What is 6 + (-5 + -4 - -12) - 2?
7
(1 - -17) + -18 - (-3 + -1)
4
What is the value of -16 + (12 - 12) + 8 + 9?
1
(19 - (5 + -1)) + -4
11
Evaluate (-8 - -18) + (8 - 7 - 3) + 9.
17
Calculate 4 + (11 - 4) - 0 - -3.
14
What is the value of 7 - (-16 - -3 - -9 - -9)?
2
What is -14 + (9 - 7) + -4 + 2?
-14
Calculate 14 + 1 + (14 - (-1 + 0) - 9).
21
What is (13 - 24 - -17) + -18?
-12
What is (-7 + 19 - -20) + -19?
13
Evaluate 109 + -98 + 5 + 0.
16
Evaluate 3 + 3 + -2 - -3 - (19 + 4).
-16
-5 + (-3 - (-7 + 10)) - (2 - 2)
-11
What is the value of -2 + (6 - 10 - -1)?
-5
What is (4 + 0 - (-32 + (17 - -12))) + 5?
12
14 + -4 + 29 - 53
-14
Evaluate 13 - 1 - (-9 - (14 - (9 + 6))).
20
What is the value of 0 - ((-8 - 8 - -13) + -4)?
7
Evaluate -164 + 163 + ((9 - 3) + -1 - -3).
7
-228 + 224 + (-2 - -3) + 16
13
What is 0 + -7 - (-21 + 12) - -10?
12
What is the value of (-10 - (8 + -9 - 3)) + 10?
4
8 + (7 + -16 - 29)
-30
Calculate 7 + 5 - (2 - (-2 + 10)).
18
What is 6 - 3 - (0 - -1 - (11 - 3))?
10
Evaluate (13 + -8 - (13 - 6)) + 1 + 3.
2
Calculate 10 - (4 - (3 - 6) - (0 + 7)).
10
What is the value of 0 - (-13 + (-3 - -5) + -4)?
15
What is the value of -205 + 245 + 0 + -16 + -1 + -3?
20
Evaluate 37 - 24 - ((3 - 5) + 5).
10
Calculate -3 + (-2 - -9) + -20.
-16
Calculate 2256 + -2251 - (37 - (-2 + 3)).
-31
Calculate (-4 - (3 + -2) - -3) + -21.
-23
Calculate 7 - (-2 - -15 - (12 + -8)).
-2
Evaluate -24 + ((-3 - -10) + -8 - -3 - -5).
-17
23 + (1 - 17) + (-2 - -2 - -1)
8
What is 0 - ((-15 - -22) + 7 + 0 + -5)?
-9
Evaluate (-104 - -50) + 63 + (5 - 1).
13
What is the value of -4 - (9 + -2 + -6 + 1 + 2)?
-8
(-7 - -1) + (8 - -13) + -7
8
19 - (8 + 7 + 27)
-23
What is the value of (-1 - 31) + 17 + 32?
17
Calculate -3 + -1 + -27 + 25 + (1 - -14).
9
Evaluate 1 - (1 - (1 + (29 - 13))).
17
Evaluate -1 - (-3 + (-2 - -8) + 3) - 13.
-20
What is the value of -30 + (-19 - (-66 + -10))?
27
(-7 - 3) + 8 + -9 + 12
1
-4 + 26 + -12 + 3 - 0
13
What is the value of 18 + -74 - (5 + -26)?
-35
Evaluate (-9 - (-15 + 17)) + 14 - (-4 + 0).
7
Calculate -4 + ((10 - 14) + 10 - (-5 - -3)).
4
Evaluate -1 + 0 + (15 - (-4 - -15)) + 4.
7
(13 - 20) + 8 - -4
5
Evaluate -1 + 0 + (34 + -8 - 29) + 17.
13
Evaluate 42 + (-37 - -4) + -31.
-22
What is the value of 31 + -44 + (2 - -1)?
-10
Evaluate 2 + -7 - (29 - (25 + 8)).
-1
What is 10 + 19 + -26 + 0 + -1 + -5?
-3
Calculate -29 + 32 - (-9 + 3).
9
14 + (37 + 26 - 41)
36
What is -7 + (-15 - -35) - 8?
5
Calculate 10 + (10 - 15 - 3).
2
What is the value of 6 + -15 + 6 + 13?
10
Evaluate -2 - 13 - (14 - (20 + 7)).
-2
Evaluate 271 + -314 + 39 + 0.
-4
Evaluate -11 + (3 - (-17 - 11)).
20
(-3 - 2) + -13 + 34 + -18
-2
Evaluate -12 - (-5 - (17 - 16)).
-6
What is 39 + -35 + (-16 - (-1 - (2 - 0)))?
-9
(127 - 88 - (1 + 12)) + -10 + 0
16
What is the value of 1 + 19 + (71 - 109)?
-18
What is 8 - (-20 + -24 + 50)?
2
What is the value of 0 + -1 + (-74 - -69)?
-6
What is 4 - (-5 + (1 - -12) + -5)?
1
Calculate (10 - 12) + 11 + -4.
5
-148 + 154 - (2 + 1)
3
-12 + (4 + (10 - 20) - -4)
-14
-10 - ((23 - 57) + 3 + 6)
15
Evaluate (13 - -27 - 35) + (-2 - -14).
17
What is the value of 5 - (-4 + (4 + -5 - 0))?
10
7 - (0 - -30) - (1 - (-12 + 13))
-23
Calculate -1 - ((-6 + 1 - 2) + (12 - 22)).
16
Evaluate 8 + -10 - (-8 + 14).
-8
What is the value of (44 - -11) + -168 + 140?
27
Evaluate (0 - 0) + 9 - (9 + 5).
-5
-20 - (-9 - 2 - 18)
9
Evaluate 42 + (11 - 0) + -30.
23
Evaluate (0 - -7) + -8 + (0 - (9 + -14)).
4
28 + (-10 - (-15 - 1) - 1) + -9
24
What is 20 + (13 - (-12 - -49))?
-4
Calculate -10 + 8 - (-2 + -9).
9
What is the value of -4 + 4 + -14 - (-1 + -1)?
-12
Evaluate 19 - (-6 + 7 + (38 - 52)).
32
Calculate -55 + 5 + 29 - (1 - 12).
-10
Evaluate -15 + (15 - 7) + (25 - 2 - 2).
14
Evaluate (-22 - -4 - -16) + 0 + -4.
-6
What is (-2 - 5) + -11 - -4?
-14
Evaluate (-11 - 0) + 0 + (11 - -5 - 14).
-9
What is 41 - -1 - (-713 + 743)?
12
What is the value of -189 - -180 -